{"id":2337,"date":"2019-12-28T17:42:21","date_gmt":"2019-12-28T20:42:21","guid":{"rendered":"http:\/\/papocomercial.com.br\/wp-content\/uploads\/2019\/12\/valdez-Maranh\u00e3o-Lea-Zacheu-Ivanildo-Rodrigues-o-casal-Samya-Lorene-Weverton-Rocha.Senador-pelo-Estado-do-Maranh\u00e3o.jpg"},"modified":"2019-12-28T17:42:33","modified_gmt":"2019-12-28T20:42:33","slug":"valdez-maranhao-lea-zacheu-ivanildo-rodrigues-o-casal-samya-lorene-weverton-rocha-senador-pelo-estado-do-maranhao","status":"inherit","type":"attachment","link":"https:\/\/papocomercial.com.br\/?attachment_id=2337","title":{"rendered":"valdez Maranh\u00e3o, Lea Zacheu, Ivanildo Rodrigues, o casal Samya Lorene , Weverton Rocha.Senador pelo Estado do Maranh\u00e3o"},"author":4,"featured_media":0,"comment_status":"open","ping_status":"closed","template":"","meta":[],"class_list":["post-2337","attachment","type-attachment","status-inherit","hentry"],"description":{"rendered":"<p class=\"attachment\"><a href='https:\/\/papocomercial.com.br\/wp-content\/uploads\/2019\/12\/valdez-Maranh\u00e3o-Lea-Zacheu-Ivanildo-Rodrigues-o-casal-Samya-Lorene-Weverton-Rocha.Senador-pelo-Estado-do-Maranh\u00e3o.jpg'><img loading=\"lazy\" decoding=\"async\" width=\"300\" height=\"199\" src=\"https:\/\/papocomercial.com.br\/wp-content\/uploads\/2019\/12\/valdez-Maranh\u00e3o-Lea-Zacheu-Ivanildo-Rodrigues-o-casal-Samya-Lorene-Weverton-Rocha.Senador-pelo-Estado-do-Maranh\u00e3o-300x199.jpg\" class=\"attachment-medium size-medium\" alt=\"\" srcset=\"https:\/\/papocomercial.com.br\/wp-content\/uploads\/2019\/12\/valdez-Maranh\u00e3o-Lea-Zacheu-Ivanildo-Rodrigues-o-casal-Samya-Lorene-Weverton-Rocha.Senador-pelo-Estado-do-Maranh\u00e3o-300x199.jpg 300w, https:\/\/papocomercial.com.br\/wp-content\/uploads\/2019\/12\/valdez-Maranh\u00e3o-Lea-Zacheu-Ivanildo-Rodrigues-o-casal-Samya-Lorene-Weverton-Rocha.Senador-pelo-Estado-do-Maranh\u00e3o-1024x678.jpg 1024w, https:\/\/papocomercial.com.br\/wp-content\/uploads\/2019\/12\/valdez-Maranh\u00e3o-Lea-Zacheu-Ivanildo-Rodrigues-o-casal-Samya-Lorene-Weverton-Rocha.Senador-pelo-Estado-do-Maranh\u00e3o-768x509.jpg 768w, https:\/\/papocomercial.com.br\/wp-content\/uploads\/2019\/12\/valdez-Maranh\u00e3o-Lea-Zacheu-Ivanildo-Rodrigues-o-casal-Samya-Lorene-Weverton-Rocha.Senador-pelo-Estado-do-Maranh\u00e3o.jpg 1232w\" sizes=\"auto, (max-width: 300px) 100vw, 300px\" \/><\/a><\/p>\n"},"caption":{"rendered":""},"alt_text":"","media_type":"image","mime_type":"image\/jpeg","media_details":{"width":1232,"height":816,"file":"2019\/12\/valdez-Maranh\u00e3o-Lea-Zacheu-Ivanildo-Rodrigues-o-casal-Samya-Lorene-Weverton-Rocha.Senador-pelo-Estado-do-Maranh\u00e3o.jpg","sizes":{"medium":{"file":"valdez-Maranh\u00e3o-Lea-Zacheu-Ivanildo-Rodrigues-o-casal-Samya-Lorene-Weverton-Rocha.Senador-pelo-Estado-do-Maranh\u00e3o-300x199.jpg","width":300,"height":199,"mime_type":"image\/jpeg","source_url":"https:\/\/papocomercial.com.br\/wp-content\/uploads\/2019\/12\/valdez-Maranh\u00e3o-Lea-Zacheu-Ivanildo-Rodrigues-o-casal-Samya-Lorene-Weverton-Rocha.Senador-pelo-Estado-do-Maranh\u00e3o-300x199.jpg"},"large":{"file":"valdez-Maranh\u00e3o-Lea-Zacheu-Ivanildo-Rodrigues-o-casal-Samya-Lorene-Weverton-Rocha.Senador-pelo-Estado-do-Maranh\u00e3o-1024x678.jpg","width":1024,"height":678,"mime_type":"image\/jpeg","source_url":"https:\/\/papocomercial.com.br\/wp-content\/uploads\/2019\/12\/valdez-Maranh\u00e3o-Lea-Zacheu-Ivanildo-Rodrigues-o-casal-Samya-Lorene-Weverton-Rocha.Senador-pelo-Estado-do-Maranh\u00e3o-1024x678.jpg"},"thumbnail":{"file":"valdez-Maranh\u00e3o-Lea-Zacheu-Ivanildo-Rodrigues-o-casal-Samya-Lorene-Weverton-Rocha.Senador-pelo-Estado-do-Maranh\u00e3o-150x150.jpg","width":150,"height":150,"mime_type":"image\/jpeg","source_url":"https:\/\/papocomercial.com.br\/wp-content\/uploads\/2019\/12\/valdez-Maranh\u00e3o-Lea-Zacheu-Ivanildo-Rodrigues-o-casal-Samya-Lorene-Weverton-Rocha.Senador-pelo-Estado-do-Maranh\u00e3o-150x150.jpg"},"medium_large":{"file":"valdez-Maranh\u00e3o-Lea-Zacheu-Ivanildo-Rodrigues-o-casal-Samya-Lorene-Weverton-Rocha.Senador-pelo-Estado-do-Maranh\u00e3o-768x509.jpg","width":768,"height":509,"mime_type":"image\/jpeg","source_url":"https:\/\/papocomercial.com.br\/wp-content\/uploads\/2019\/12\/valdez-Maranh\u00e3o-Lea-Zacheu-Ivanildo-Rodrigues-o-casal-Samya-Lorene-Weverton-Rocha.Senador-pelo-Estado-do-Maranh\u00e3o-768x509.jpg"},"colormag-highlighted-post":{"file":"valdez-Maranh\u00e3o-Lea-Zacheu-Ivanildo-Rodrigues-o-casal-Samya-Lorene-Weverton-Rocha.Senador-pelo-Estado-do-Maranh\u00e3o-392x272.jpg","width":392,"height":272,"mime_type":"image\/jpeg","source_url":"https:\/\/papocomercial.com.br\/wp-content\/uploads\/2019\/12\/valdez-Maranh\u00e3o-Lea-Zacheu-Ivanildo-Rodrigues-o-casal-Samya-Lorene-Weverton-Rocha.Senador-pelo-Estado-do-Maranh\u00e3o-392x272.jpg"},"colormag-featured-post-medium":{"file":"valdez-Maranh\u00e3o-Lea-Zacheu-Ivanildo-Rodrigues-o-casal-Samya-Lorene-Weverton-Rocha.Senador-pelo-Estado-do-Maranh\u00e3o-390x205.jpg","width":390,"height":205,"mime_type":"image\/jpeg","source_url":"https:\/\/papocomercial.com.br\/wp-content\/uploads\/2019\/12\/valdez-Maranh\u00e3o-Lea-Zacheu-Ivanildo-Rodrigues-o-casal-Samya-Lorene-Weverton-Rocha.Senador-pelo-Estado-do-Maranh\u00e3o-390x205.jpg"},"colormag-featured-post-small":{"file":"valdez-Maranh\u00e3o-Lea-Zacheu-Ivanildo-Rodrigues-o-casal-Samya-Lorene-Weverton-Rocha.Senador-pelo-Estado-do-Maranh\u00e3o-130x90.jpg","width":130,"height":90,"mime_type":"image\/jpeg","source_url":"https:\/\/papocomercial.com.br\/wp-content\/uploads\/2019\/12\/valdez-Maranh\u00e3o-Lea-Zacheu-Ivanildo-Rodrigues-o-casal-Samya-Lorene-Weverton-Rocha.Senador-pelo-Estado-do-Maranh\u00e3o-130x90.jpg"},"colormag-featured-image":{"file":"valdez-Maranh\u00e3o-Lea-Zacheu-Ivanildo-Rodrigues-o-casal-Samya-Lorene-Weverton-Rocha.Senador-pelo-Estado-do-Maranh\u00e3o-800x445.jpg","width":800,"height":445,"mime_type":"image\/jpeg","source_url":"https:\/\/papocomercial.com.br\/wp-content\/uploads\/2019\/12\/valdez-Maranh\u00e3o-Lea-Zacheu-Ivanildo-Rodrigues-o-casal-Samya-Lorene-Weverton-Rocha.Senador-pelo-Estado-do-Maranh\u00e3o-800x445.jpg"},"full":{"file":"valdez-Maranh\u00e3o-Lea-Zacheu-Ivanildo-Rodrigues-o-casal-Samya-Lorene-Weverton-Rocha.Senador-pelo-Estado-do-Maranh\u00e3o.jpg","width":1232,"height":816,"mime_type":"image\/jpeg","source_url":"https:\/\/papocomercial.com.br\/wp-content\/uploads\/2019\/12\/valdez-Maranh\u00e3o-Lea-Zacheu-Ivanildo-Rodrigues-o-casal-Samya-Lorene-Weverton-Rocha.Senador-pelo-Estado-do-Maranh\u00e3o.jpg"}},"image_meta":{"aperture":"0","credit":"","camera":"","caption":"","created_timestamp":"0","copyright":"","focal_length":"0","iso":"0","shutter_speed":"0","title":"","orientation":"1","keywords":[]}},"post":null,"source_url":"https:\/\/papocomercial.com.br\/wp-content\/uploads\/2019\/12\/valdez-Maranh\u00e3o-Lea-Zacheu-Ivanildo-Rodrigues-o-casal-Samya-Lorene-Weverton-Rocha.Senador-pelo-Estado-do-Maranh\u00e3o.jpg","_links":{"self":[{"href":"https:\/\/papocomercial.com.br\/index.php?rest_route=\/wp\/v2\/media\/2337","targetHints":{"allow":["GET"]}}],"collection":[{"href":"https:\/\/papocomercial.com.br\/index.php?rest_route=\/wp\/v2\/media"}],"about":[{"href":"https:\/\/papocomercial.com.br\/index.php?rest_route=\/wp\/v2\/types\/attachment"}],"author":[{"embeddable":true,"href":"https:\/\/papocomercial.com.br\/index.php?rest_route=\/wp\/v2\/users\/4"}],"replies":[{"embeddable":true,"href":"https:\/\/papocomercial.com.br\/index.php?rest_route=%2Fwp%2Fv2%2Fcomments&post=2337"}]}}

http://papocomercial.com.br/wp-content/uploads/2019/12/valdez-Maranhão-Lea-Zacheu-Ivanildo-Rodrigues-o-casal-Samya-Lorene-Weverton-Rocha.Senador-pelo-Estado-do-Maranhão.jpg

valdez Maranhão, Lea Zacheu, Ivanildo Rodrigues, o casal Samya Lorene , Weverton Rocha.Senador pelo Estado do Maranhão

<p class="attachment"><a href='https://papocomercial.com.br/wp-content/uploads/2019/12/valdez-Maranhão-Lea-Zacheu-Ivanildo-Rodrigues-o-casal-Samya-Lorene-Weverton-Rocha.Senador-pelo-Estado-do-Maranhão.jpg'><img loading="lazy" decoding="async" width="300" height="199" src="https://papocomercial.com.br/wp-content/uploads/2019/12/valdez-Maranhão-Lea-Zacheu-Ivanildo-Rodrigues-o-casal-Samya-Lorene-Weverton-Rocha.Senador-pelo-Estado-do-Maranhão-300x199.jpg" class="attachment-medium size-medium" alt="" srcset="https://papocomercial.com.br/wp-content/uploads/2019/12/valdez-Maranhão-Lea-Zacheu-Ivanildo-Rodrigues-o-casal-Samya-Lorene-Weverton-Rocha.Senador-pelo-Estado-do-Maranhão-300x199.jpg 300w, https://papocomercial.com.br/wp-content/uploads/2019/12/valdez-Maranhão-Lea-Zacheu-Ivanildo-Rodrigues-o-casal-Samya-Lorene-Weverton-Rocha.Senador-pelo-Estado-do-Maranhão-1024x678.jpg 1024w, https://papocomercial.com.br/wp-content/uploads/2019/12/valdez-Maranhão-Lea-Zacheu-Ivanildo-Rodrigues-o-casal-Samya-Lorene-Weverton-Rocha.Senador-pelo-Estado-do-Maranhão-768x509.jpg 768w, https://papocomercial.com.br/wp-content/uploads/2019/12/valdez-Maranhão-Lea-Zacheu-Ivanildo-Rodrigues-o-casal-Samya-Lorene-Weverton-Rocha.Senador-pelo-Estado-do-Maranhão.jpg 1232w" sizes="auto, (max-width: 300px) 100vw, 300px" /></a></p>

2019/12/valdez-Maranhão-Lea-Zacheu-Ivanildo-Rodrigues-o-casal-Samya-Lorene-Weverton-Rocha.Senador-pelo-Estado-do-Maranhão.jpg

valdez-Maranhão-Lea-Zacheu-Ivanildo-Rodrigues-o-casal-Samya-Lorene-Weverton-Rocha.Senador-pelo-Estado-do-Maranhão-300x199.jpg

https://papocomercial.com.br/wp-content/uploads/2019/12/valdez-Maranhão-Lea-Zacheu-Ivanildo-Rodrigues-o-casal-Samya-Lorene-Weverton-Rocha.Senador-pelo-Estado-do-Maranhão-300x199.jpg

valdez-Maranhão-Lea-Zacheu-Ivanildo-Rodrigues-o-casal-Samya-Lorene-Weverton-Rocha.Senador-pelo-Estado-do-Maranhão-1024x678.jpg

https://papocomercial.com.br/wp-content/uploads/2019/12/valdez-Maranhão-Lea-Zacheu-Ivanildo-Rodrigues-o-casal-Samya-Lorene-Weverton-Rocha.Senador-pelo-Estado-do-Maranhão-1024x678.jpg

valdez-Maranhão-Lea-Zacheu-Ivanildo-Rodrigues-o-casal-Samya-Lorene-Weverton-Rocha.Senador-pelo-Estado-do-Maranhão-150x150.jpg

https://papocomercial.com.br/wp-content/uploads/2019/12/valdez-Maranhão-Lea-Zacheu-Ivanildo-Rodrigues-o-casal-Samya-Lorene-Weverton-Rocha.Senador-pelo-Estado-do-Maranhão-150x150.jpg

valdez-Maranhão-Lea-Zacheu-Ivanildo-Rodrigues-o-casal-Samya-Lorene-Weverton-Rocha.Senador-pelo-Estado-do-Maranhão-768x509.jpg

https://papocomercial.com.br/wp-content/uploads/2019/12/valdez-Maranhão-Lea-Zacheu-Ivanildo-Rodrigues-o-casal-Samya-Lorene-Weverton-Rocha.Senador-pelo-Estado-do-Maranhão-768x509.jpg

valdez-Maranhão-Lea-Zacheu-Ivanildo-Rodrigues-o-casal-Samya-Lorene-Weverton-Rocha.Senador-pelo-Estado-do-Maranhão-392x272.jpg

https://papocomercial.com.br/wp-content/uploads/2019/12/valdez-Maranhão-Lea-Zacheu-Ivanildo-Rodrigues-o-casal-Samya-Lorene-Weverton-Rocha.Senador-pelo-Estado-do-Maranhão-392x272.jpg

valdez-Maranhão-Lea-Zacheu-Ivanildo-Rodrigues-o-casal-Samya-Lorene-Weverton-Rocha.Senador-pelo-Estado-do-Maranhão-390x205.jpg

https://papocomercial.com.br/wp-content/uploads/2019/12/valdez-Maranhão-Lea-Zacheu-Ivanildo-Rodrigues-o-casal-Samya-Lorene-Weverton-Rocha.Senador-pelo-Estado-do-Maranhão-390x205.jpg

valdez-Maranhão-Lea-Zacheu-Ivanildo-Rodrigues-o-casal-Samya-Lorene-Weverton-Rocha.Senador-pelo-Estado-do-Maranhão-130x90.jpg

https://papocomercial.com.br/wp-content/uploads/2019/12/valdez-Maranhão-Lea-Zacheu-Ivanildo-Rodrigues-o-casal-Samya-Lorene-Weverton-Rocha.Senador-pelo-Estado-do-Maranhão-130x90.jpg

valdez-Maranhão-Lea-Zacheu-Ivanildo-Rodrigues-o-casal-Samya-Lorene-Weverton-Rocha.Senador-pelo-Estado-do-Maranhão-800x445.jpg

https://papocomercial.com.br/wp-content/uploads/2019/12/valdez-Maranhão-Lea-Zacheu-Ivanildo-Rodrigues-o-casal-Samya-Lorene-Weverton-Rocha.Senador-pelo-Estado-do-Maranhão-800x445.jpg

valdez-Maranhão-Lea-Zacheu-Ivanildo-Rodrigues-o-casal-Samya-Lorene-Weverton-Rocha.Senador-pelo-Estado-do-Maranhão.jpg

https://papocomercial.com.br/wp-content/uploads/2019/12/valdez-Maranhão-Lea-Zacheu-Ivanildo-Rodrigues-o-casal-Samya-Lorene-Weverton-Rocha.Senador-pelo-Estado-do-Maranhão.jpg
